19 is divided by 55?
44
Calculate the remainder when 33180057 is divided by 63.
36
What is the remainder when 1871486 is divided by 34?
24
What is the remainder when 16883 is divided by 7814?
1255
What is the remainder when 5604319 is divided by 160?
159
What is the remainder when 2667029 is divided by 1539?
1481
Calculate the remainder when 742851 is divided by 103.
15
Calculate the remainder when 61409 is divided by 15340.
49
Calculate the remainder when 432255 is divided by 1.
0
Calculate the remainder when 5038177 is divided by 16850.
27
Calculate the remainder when 11184201 is divided by 1193.
1019
What is the remainder when 2761028 is divided by 87?
83
What is the remainder when 2073262 is divided by 207319?
72
What is the remainder when 208686 is divided by 4537?
4521
What is the remainder when 2475716 is divided by 33?
23
What is the remainder when 99773 is divided by 184?
45
Calculate the remainder when 2234214 is divided by 131.
9
Calculate the remainder when 35897 is divided by 2715.
602
What is the remainder when 167863 is divided by 814?
179
Calculate the remainder when 1464913 is divided by 1464496.
417
Calculate the remainder when 8260 is divided by 1769.
1184
Calculate the remainder when 22060191 is divided by 56.
55
What is the remainder when 364420 is divided by 1869?
1834
Calculate the remainder when 18089 is divided by 457.
266
What is the remainder when 135912 is divided by 52?
36
What is the remainder when 265319672 is divided by 43?
40
Calculate the remainder when 103469 is divided by 7388.
37
What is the remainder when 968806 is divided by 1355?
1336
Calculate the remainder when 196924448 is divided by 819.
812
Calculate the remainder when 7458371 is divided by 154.
151
Calculate the remainder when 361907 is divided by 1958.
1635
What is the remainder when 1434458 is divided by 65202?
14
What is the remainder when 11335171 is divided by 5020?
11
What is the remainder when 201845 is divided by 8661?
2642
What is the remainder when 224815 is divided by 561?
415
Calculate the remainder when 151300054 is divided by 16652.
16634
What is the remainder when 637257 is divided by 369?
363
Calculate the remainder when 5851960 is divided by 4491.
187
Calculate the remainder when 348882 is divided by 392.
2
Calculate the remainder when 15402568 is divided by 135110.
28
What is the remainder when 2019646 is divided by 571?
19
What is the remainder when 9162212 is divided by 2290492?
244
What is the remainder when 282255 is divided by 235?
20
Calculate the remainder when 411035 is divided by 15114.
2957
Calculate the remainder when 63307 is divided by 1260.
307
Calculate the remainder when 22655312 is divided by 7428.
7340
What is the remainder when 161 is divided by 143?
18
Calculate the remainder when 58283 is divided by 3099.
2501
Calculate the remainder when 9747619 is divided by 609.
574
What is the remainder when 12856246 is divided by 2031?
16
What is the remainder when 7635830 is divided by 781?
774
Calculate the remainder when 588468 is divided by 589.
57
Calculate the remainder when 8559 is divided by 4669.
3890
What is the remainder when 457886277 is divided by 2953?
3
Calculate the remainder when 8766990 is divided by 5056.
4942
What is the remainder when 762179 is divided by 47636?
3
Calculate the remainder when 2409246 is divided by 3432.
3414
Calculate the remainder when 19614 is divided by 4888.
62
Calculate the remainder when 1336021 is divided by 2867.
2866
Calculate the remainder when 328822933 is divided by 645.
643
Calculate the remainder when 6751332 is divided by 18547.
224
What is the remainder when 3695342 is divided by 1815?
2
Calculate the remainder when 80178 is divided by 220.
98
Calculate the remainder when 37989548 is divided by 6298.
12
Calculate the remainder when 7515396 is divided by 178938.
0
Calculate the remainder when 62712 is divided by 385.
342
Calculate the remainder when 2843844 is divided by 2460.
84
Calculate the remainder when 3780496 is divided by 1890248.
0
What is the remainder when 24209734 is divided by 1513108?
6
What is the remainder when 12523930 is divided by 963378?
16
What is the remainder when 453058 is divided by 14?
4
What is the remainder when 380623 is divided by 4699?
4
What is the remainder when 17455202 is divided by 1536?
98
Calculate the remainder when 657614 is divided by 817.
746
Calculate the remainder when 14515790 is divided by 2903157.
5
Calculate the remainder when 2801936 is divided by 700473.
44
Calculate the remainder when 1481763 is divided by 61740.
3
What is the remainder when 946779 is divided by 30?
9
Calculate the remainder when 252324 is divided by 4273.
217
What is the remainder when 1403049 is divided by 94?
5
Calculate the remainder when 386326 is divided by 386311.
15
Calculate the remainder when 22143844 is divided by 91.
86
What is the remainder when 7404 is divided by 545?
319
Calculate the remainder when 2107946 is divided by 299.
295
Calculate the remainder when 9182749 is divided by 1123.
1101
What is the remainder when 4599172 is divided by 305?
77
What is the remainder when 352189 is divided by 50300?
89
What is the remainder when 225146 is divided by 286?
64
What is the remainder when 1640951 is divided by 429?
26
What is the remainder when 77582 is divided by 77271?
311
What is the remainder when 13214584 is divided by 2642907?
49
What is the remainder when 50992 is divided by 7262?
158
What is the remainder when 7452 is divided by 5830?
1622
Calculate the remainder when 4283649 is divided by 487.
484
What is the remainder when 11586331 is divided by 561?
559
Calculate the remainder when 1518989 is divided by 506323.
20
What is the remainder when 78667 is divided by 538?
119
Calculate the remainder when 596635 is divided by 198857.
64
What is the remainder when 308856 is divided by 3360?
3096
What is the remainder when 36733 is divided by 2804?
281
What is the remainder when 1022755 is divided by 1444?
403
What is the remainder when 190852 is divided by 3743?
3702
What is the remainder when 296679 is divided by 3561?
1116
What is the remainder when 123170 is divided by 123112?
58
Calculate the remainder when 29466974 is divided by 316.
290
What is the remainder when 691213 is divided by 92?
17
What is the remainder when 2975 is divided by 1066?
843
What is the remainder when 4166621 is divided by 173?
89
Calculate the remainder when 176347 is divided by 1404.
847
Calculate the remainder when 280326 is divided by 140107.
112
Calculate the remainder when 4991808717 is divided by 24.
21
Calculate the remainder when 11020715 is divided by 761.
674
What is the remainder when 138979 is divided by 731?
89
What is the remainder when 180741446 is divided by 46?
40
What is the remainder when 831744 is divided by 1216?
0
Calculate the remainder when 137735 is divided by 9829.
129
What is the remainder when 1736737 is divided by 124052?
9
Calculate the remainder when 22606609 is divided by 22584.
25
What is the remainder when 732421 is divided by 3959?
6
Calculate the remainder when 93154258 is divided by 16167.
4
Calculate the remainder when 299024 is divided by 85.
79
What is the remainder when 1755348 is divided by 351025?
223
Calculate the remainder when 56839 is divided by 5165.
24
Calculate the remainder when 1111446 is divided by 276.
270
Calculate the remainder when 146635 is divided by 139.
129
What is the remainder when 1973739 is divided by 23?
17
What is the remainder when 622951 is divided by 871?
186
Calculate the remainder when 1798239 is divided by 359554.
469
What is the remainder when 1111046 is divided by 188?
154
Calculate the remainder when 804231 is divided by 155.
91
What is the remainder when 1647358 is divided by 3558?
4
What is the remainder when 51319 is divided by 3553?
1577
Calculate the remainder when 907319 is divided by 21100.
19
Calculate the remainder when 46832186 is divided by 793.
778
Calculate the remainder when 34673 is divided by 272.
129
What is the remainder when 7166792 is divided by 3116?
3108
Calculate the remainder when 8928446 is divided by 26812.
50
What is the remainder when 162809 is divided by 1078?
31
What is the remainder when 3838595 is divided by 125?
95
What is the remainder when 928164 is